What are the prime factors of 773698754?
2, 337, 1147921
List the prime factors of 133627179.
3, 7, 6363199
What are the prime factors of 71977364?
2, 17994341
List the prime factors of 144559337.
13, 71, 156619
List the prime factors of 193974056.
2, 199, 121843
What are the prime factors of 781208688?
2, 3, 13, 1251937
What are the prime factors of 192273846?
2, 3, 41, 781601
List the prime factors of 11316001.
19, 595579
List the prime factors of 257676791.
10883, 23677
What are the prime factors of 93918927?
3, 283, 110623
What are the prime factors of 104900522?
2, 47, 953, 1171
What are the prime factors of 6054637?
6054637
What are the prime factors of 432250804?
2, 283, 421, 907
What are the prime factors of 344985652?
2, 11, 761, 10303
List the prime factors of 1325582454.
2, 3, 7, 47, 659, 1019
List the prime factors of 141196571.
257, 549403
List the prime factors of 64245495.
3, 5, 827, 5179
What are the prime factors of 974151072?
2, 3, 337, 10037
What are the prime factors of 252279467?
11, 22934497
List the prime factors of 171847519.
89, 233, 8287
What are the prime factors of 7735790185?
5, 67, 23091911
List the prime factors of 6751481082.
2, 3, 17, 89, 349, 2131
What are the prime factors of 24893341?
11, 31, 37, 1973
List the prime factors of 977721752.
2, 7, 41, 425837
What are the prime factors of 4213016116?
2, 109, 191, 50591
List the prime factors of 3211791397.
3211791397
What are the prime factors of 89411853?
3, 19, 1568629
List the prime factors of 57268409.
11, 59, 88241
What are the prime factors of 352400325?
3, 5, 4698671
List the prime factors of 7458391233.
3, 19, 149, 292727
List the prime factors of 55108818.
2, 3, 131, 23371
What are the prime factors of 718616653?
1607, 447179
What are the prime factors of 169133043?
3, 73, 772297
List the prime factors of 3763637637.
3, 23, 149, 366077
List the prime factors of 383325381.
3, 42591709
List the prime factors of 7630255520.
2, 5, 17, 23, 121967
What are the prime factors of 4037254882?
2, 2018627441
List the prime factors of 37743359.
37743359
What are the prime factors of 148242040?
2, 5, 17, 218003
What are the prime factors of 39829722?
2, 3, 71, 93497
What are the prime factors of 486247386?
2, 3, 5153, 15727
List the prime factors of 357022916.
2, 17, 37, 41, 3461
List the prime factors of 85838185.
5, 17, 23, 83
List the prime factors of 131752508.
2, 32938127
What are the prime factors of 108519615?
3, 5, 803849
What are the prime factors of 306855540?
2, 3, 5, 103, 613
List the prime factors of 3750193317.
3, 13, 568987
List the prime factors of 1862323876.
2, 7, 179, 371573
List the prime factors of 1784102791.
17, 104947223
List the prime factors of 551560612.
2, 53, 457, 5693
What are the prime factors of 10459420?
2, 5, 17, 30763
What are the prime factors of 9362041?
13, 19, 29, 1307
List the prime factors of 1928812338.
2, 3, 23, 617, 839
What are the prime factors of 152298659?
47, 73, 44389
List the prime factors of 2613695468.
2, 3631, 179957
List the prime factors of 127520837.
19, 1181, 5683
List the prime factors of 328666456.
2, 41083307
What are the prime factors of 9898359?
3, 1471, 2243
List the prime factors of 4521105362.
2, 2857, 791233
List the prime factors of 142566821.
61, 67, 34883
What are the prime factors of 66795412?
2, 19, 83, 10589
List the prime factors of 126258053.
59, 2139967
List the prime factors of 15150279.
3, 37, 41, 3329
List the prime factors of 182071609.
182071609
List the prime factors of 211170947.
13, 16243919
List the prime factors of 115369268.
2, 7, 4120331
List the prime factors of 191503007.
191503007
What are the prime factors of 8793234?
2, 3, 488513
What are the prime factors of 110540119?
19, 317, 18353
List the prime factors of 29313639.
3, 67, 173, 281
List the prime factors of 754468810.
2, 5, 75446881
What are the prime factors of 105751047?
3, 83, 239, 1777
List the prime factors of 5562642537.
3, 409, 1019, 1483
What are the prime factors of 939319045?
5, 7, 26837687
What are the prime factors of 46143206?
2, 61, 378223
List the prime factors of 4762457711.
11, 19, 179, 127301
What are the prime factors of 784050023?
23819, 32917
What are the prime factors of 1487838139?
659, 2257721
What are the prime factors of 653690774?
2, 11, 23, 727, 1777
What are the prime factors of 1111721574?
2, 3, 185286929
What are the prime factors of 92867041?
19, 31, 157669
List the prime factors of 96448368.
2, 3, 739, 2719
List the prime factors of 551481915.
3, 5, 1987, 18503
What are the prime factors of 7533008143?
47, 160276769
What are the prime factors of 145546444?
2, 181, 201031
List the prime factors of 299547030.
2, 3, 5, 43, 232207
What are the prime factors of 396103071?
3, 7, 13, 1450927
What are the prime factors of 1136635559?
269, 4225411
What are the prime factors of 1676729380?
2, 5, 17, 4931557
List the prime factors of 1167483595.
5, 19, 29, 423769
What are the prime factors of 117555707?
353, 333019
What are the prime factors of 305450339?
17, 17967667
List the prime factors of 52844928.
2, 3, 19, 7243
List the prime factors of 5964020807.
631, 9451697
What are the prime factors of 139839759?
3, 97, 160183
What are the prime factors of 316317367?
23, 151, 91079
What are the prime factors of 47709100?
2, 5, 477091
List the prime factors of 380837572.
2, 113, 479, 1759
What are the prime factors of 274193170?
2, 5, 17, 61, 137, 193
List the prime factors of 170763009.
3, 3089, 18427
What are the prime factors of 1530296075?
5, 7, 11, 72269
What are the prime factors of 1029162012?
2, 3, 85763501
List the prime factors of 2003890903.
7, 286270129
List the prime factors of 13889301.
3, 43, 67, 1607
What are the prime factors of 2541002437?
3467, 732911
What are the prime factors of 1888837661?
1888837661
List the prime factors of 69254735.
5, 11, 47, 73, 367
List the prime factors of 190482517.
89, 2140253
List the prime factors of 591287006.
2, 71, 73, 57041
List the prime factors of 1350617955.
3, 5, 17, 101, 229
List the prime factors of 349459130.
2, 5, 34945913
List the prime factors of 1141190901.
3, 19, 6673631
What are the prime factors of 2770346673?
3, 17, 18106841
What are the prime factors of 47585765?
5, 607, 15679
List the prime factors of 3790380836.
2, 11, 6977, 12347
What are the prime factors of 22403995?
5, 4480799
List the prime factors of 11070643.
1811, 6113
List the prime factors of 620174791.
373, 1662667
List the prime factors of 466326287.
7, 83, 114661
What are the prime factors of 491330543?
11, 4060583
What are the prime factors of 19971129?
3, 233, 28571
What are the prime factors of 27549906?
2, 3, 23, 199637
List the prime factors of 164042642.
2, 191, 429431
List the prime factors of 1743294767.
17, 97, 1057183
What are the prime factors of 196161589?
13, 17, 41, 21649
What are the prime factors of 212691896?
2, 17, 1563911
List the prime factors of 64046458.
2, 7, 149, 30703
List the prime factors of 5175702499.
11, 470518409
What are the prime factors of 38212256?
2, 29, 41177
What are the prime factors of 31307838?
2, 3, 1559, 3347
What are the prime factors of 6921372171?
3, 7, 491, 671261
What are the prime factors of 15511727?
7, 11, 201451
List the prime factors of 334219995.
3, 5, 281, 26431
What are the prime factors of 489460917?
3, 11, 14832149
What are the prime factors of 4195170?
2, 3, 5, 7, 6659
What are the prime factors of 71404477?
71404477
List the prime factors of 52612031.
52612031
What are the prime factors of 14817758?
2, 19, 389941
What are the prime factors of 143959119?
3, 37, 1296929
List the prime factors of 88888613.
11, 797, 10139
List the prime factors of 324862638.
2, 3, 89, 608357
List the prime factors of 305041920.
2, 3, 5, 39719
List the prime factors of 405734788.
2, 101433697
List the prime factors of 163789773.
3, 7, 7799513
List the prime factors of 105505428.
2, 3, 7, 25633
What are the prime factors of 382277396?
2, 43, 2222543
What are the prime factors of 101969459?
157, 649487
List the prime factors of 977598701.
977598701
What are the prime factors of 830359746?
2, 3, 59, 781883
List the prime factors of 298197350.
2, 5, 11, 79, 6863
What are the prime factors of 164753483?
164753483
List the prime factors 